{"id":1923,"date":"2025-10-10T12:05:46","date_gmt":"2025-10-10T10:05:46","guid":{"rendered":"https:\/\/atelierflow.de\/?post_type=event_listing&#038;p=1923"},"modified":"2025-10-17T10:03:23","modified_gmt":"2025-10-17T08:03:23","slug":"hanna-schiller-von-innen","status":"publish","type":"event_listing","link":"https:\/\/atelierflow.de\/index.php\/event\/hanna-schiller-von-innen\/","title":{"rendered":"Hanna Schiller \/\/ VON INNEN"},"content":{"rendered":"\n<p>Vom 24.Oktober bis 08.November 2025 zeigen wir die Einzelausstellung \u201evon Innen\u201c von Hanna Schiller:<\/p>\n\n\n\n<p><br>Welche Formen von Gewalt lesbar sind und \u00f6\ufb00entlich problematisiert werden, und welche nicht, ist das Ergebnis permanent wiederholter sozialer Gew\u00f6hnungsprozesse. In unserer Erziehung und Eingliederung in \u201edie Gesellschaft\u201c lernen wir, das staatliche Gewaltmonopol als vern\u00fcnftigen Mechanismus zur Sicherung eines friedlichen Zusammenlebens zu verstehen. Was aber, wenn bestimmte Gewalt vom Staat systematisch \u00fcbersehen oder sogar von ihm selbst ausgef\u00fchrt wird? Wie k\u00f6nnen die verinnerlichten Routinen, Gewaltverh\u00e4ltnisse zu deuten, unterbrochen werden, sodass reale Ungerechtigkeit nicht zu rechtm\u00e4\u00dfigen Umst\u00e4nden normalisiert wird? <\/p>\n\n\n\n<p>Mit ihren k\u00fcnstlerischen Arbeiten produziert Hanna Schiller dringend notwendige Uneinigkeit: die Aufmerksamkeit und O\ufb00enheit, die die Betrachtenden bereit sind, auf die dichten und pr\u00e4zisen Kunstwerke zu richten, kanalisiert Schiller und leitet sie im Rezeptionsprozess um auf soziale Fragen. Das Interesse, das wir bereitwillig f\u00fcr den sch\u00f6nen vor uns liegenden gewebten Gegenstand aufbringen wandeln Titel: Fu\u00dfabtreter und Material: Frauenhaar um. \u00c4hnlich funktioniert die aus Verfassungstexten gefaltete Kette, deren jedes Glied ein trauriger und unzureichender Einstand ist, f\u00fcr eine an der europ\u00e4ischen Au\u00dfengrenze ertr\u00e4nkte Person. Dieselben Verfahren von Sichtbarmachung und Unterbrechung unserer routinierten Ignoranz gegen\u00fcber Gewalt an staatlich marginalisierten Leuten wendet Schiller auch in ihren neuesten Arbeiten an: die de-individuierte Masse \u201ezurecht eingesperrter Straft\u00e4terinnen\u201c im Gef\u00e4ngnis, wird di\ufb00erenziert zu brutal isolierten Personen, die vermissen und vermisst werden, die nicht resozialisiert, sondern ihrem sozialen Kontext genommen und stumpf bestraft werden. Die Socken f\u00fcr die Vermissten Lieben sind Ergebnis und Belege einer solidarischen Praxis unter jenen Frauen, die unseren Armen und Augen entrissen wurden und die wir nicht vergessen d\u00fcrfen.<br><\/p>\n\n\n\n<p>Hanna Schiller wurde im Februar 2025 anhand ihres Werkes von der unabh\u00e4ngigen Jury, bestehend aus Stefanie Kleefeld, Renan Laru-an und Florence Thurmes, als eine von acht mit dem Bundeskunstpreis ausgezeichneten Positionen bekannt gegeben. Zwei Monate sp\u00e4ter wurde der Preis vom Bundesministerium f\u00fcr Bildung und Forschung \u201eruhend gestellt\u201c. Ob der Vorw\u00fcrfe antifaschistisch motivierter Straftaten schien dem BMBF die Auszeichnung des k\u00fcnstlerischen Werkes nicht mehr vertretbar. Die Werke von Hanna Schiller wurden trotz vorheriger W\u00fcrdigung ihrer hervorragenden Qualit\u00e4t aus der geplanten Ausstellung in der Bundeskunsthalle und dem zu erstellenden Katalog ausgeschlossen.<\/p>\n\n\n\n<p><\/p>\n\n\n\n<p style=\"font-size:16px\"><br><em><strong>Rechtsstand (26.09.2025):<\/strong> OLG M\u00fcnchen verurteilte <a href=\"https:\/\/www.deutschlandfunk.de\/fuenf-jahre-haft-fuer-hanna-s-wegen-angriffen-auf-rechtsextreme-100.html\">Hanna Schiller<\/a> u. a. wegen gef\u00e4hrlicher K\u00f6rperverletzung und \u00a7 129 zu 5 Jahren Haft. <\/em><strong><em>Das Urteil ist nicht rechtskr\u00e4ftig<\/em><\/strong><em> (Revision angek\u00fcndigt).<\/em><\/p>\n\n\n\n<div style=\"height:59px\" aria-hidden=\"true\" class=\"wp-block-spacer\"><\/div>\n\n\n\n<p><strong>Er\u00f6ffnung 24.10.2025, 19Uhr<\/strong> mit einem poetischen Beitrag von Julia Scher und anschlie\u00dfender Diskussionsrunde<\/p>\n\n\n\n<p><strong>Spaziergang 06.11.2025, abends<\/strong>, von der Bundeskunsthalle zum Flow, gef\u00fchrt von solidarischen K\u00fcnstler*innen<\/p>\n\n\n\n<p><strong>Finissage 8.11.2025, 19Uhr <\/strong>mit DJ-Set in entspanntem Rahmen &#8211; f\u00fcr noch mehr gute Gespr\u00e4che<\/p>\n\n\n\n<p><\/p>\n\n\n\n<p>\u00d6ffnungszeiten Freitag bis Sonntag, 14-20 Uhr und nach <a href=\"https:\/\/atelierflow.de\/index.php\/kontakt\/\" data-type=\"page\" data-id=\"163\">Vereinbarung<\/a><\/p>\n\n\n\n<p class=\"has-small-font-size\"><\/p>\n\n\n\n<div style=\"height:55px\" aria-hidden=\"true\" class=\"wp-block-spacer\"><\/div>\n\n\n\n<p class=\"has-small-font-size\"><em><strong>Hinweis:<\/strong> Flow ist ein unabh\u00e4ngiger Projektraum. Die Ausstellung bef\u00fcrwortet keine Gewalt und rechtfertigt keine Straftaten. Sie zeigt k\u00fcnstlerische Positionen und dokumentarische Bez\u00fcge, um die Beziehung von Kunst, Erinnerungskultur und gesellschaftlicher Verantwortung zu verhandeln.<\/em><\/p>\n\n\n\n<p class=\"has-small-font-size\"><br><em>W\u00e4hrend der \u00d6ffnungszeiten ist ein Awareness-Team ansprechbar. Es sorgt f\u00fcr eine respektvolle Gespr\u00e4chskultur; diskriminierende, gewaltverherrlichende oder herabw\u00fcrdigende \u00c4u\u00dferungen sowie verfassungsfeindliche Kennzeichen haben hier keinen Platz.<\/em><\/p>\n\n\n\n<p class=\"has-small-font-size\"><\/p>\n","protected":false},"featured_media":1930,"template":"","meta":[],"event_listing_category":[],"event_listing_type":[],"class_list":["post-1923","event_listing","type-event_listing","status-publish","has-post-thumbnail","hentry"],"jetpack_sharing_enabled":true,"_links":{"self":[{"href":"https:\/\/atelierflow.de\/index.php\/wp-json\/wp\/v2\/event_listing\/1923","targetHints":{"allow":["GET"]}}],"collection":[{"href":"https:\/\/atelierflow.de\/index.php\/wp-json\/wp\/v2\/event_listing"}],"about":[{"href":"https:\/\/atelierflow.de\/index.php\/wp-json\/wp\/v2\/types\/event_listing"}],"wp:featuredmedia":[{"embeddable":true,"href":"https:\/\/atelierflow.de\/index.php\/wp-json\/wp\/v2\/media\/1930"}],"wp:attachment":[{"href":"https:\/\/atelierflow.de\/index.php\/wp-json\/wp\/v2\/media?parent=1923"}],"wp:term":[{"taxonomy":"event_listing_category","embeddable":true,"href":"https:\/\/atelierflow.de\/index.php\/wp-json\/wp\/v2\/event_listing_category?post=1923"},{"taxonomy":"event_listing_type","embeddable":true,"href":"https:\/\/atelierflow.de\/index.php\/wp-json\/wp\/v2\/event_listing_type?post=1923"}],"curies":[{"name":"wp","href":"https:\/\/api.w.org\/{rel}","templated":true}]}}

<p>Vom 24.Oktober bis 08.November 2025 zeigen wir die Einzelausstellung „von Innen“ von Hanna Schiller:</p>



<p><br>Welche Formen von Gewalt lesbar sind und öﬀentlich problematisiert werden, und welche nicht, ist das Ergebnis permanent wiederholter sozialer Gewöhnungsprozesse. In unserer Erziehung und Eingliederung in „die Gesellschaft“ lernen wir, das staatliche Gewaltmonopol als vernünftigen Mechanismus zur Sicherung eines friedlichen Zusammenlebens zu verstehen. Was aber, wenn bestimmte Gewalt vom Staat systematisch übersehen oder sogar von ihm selbst ausgeführt wird? Wie können die verinnerlichten Routinen, Gewaltverhältnisse zu deuten, unterbrochen werden, sodass reale Ungerechtigkeit nicht zu rechtmäßigen Umständen normalisiert wird? </p>



<p>Mit ihren künstlerischen Arbeiten produziert Hanna Schiller dringend notwendige Uneinigkeit: die Aufmerksamkeit und Oﬀenheit, die die Betrachtenden bereit sind, auf die dichten und präzisen Kunstwerke zu richten, kanalisiert Schiller und leitet sie im Rezeptionsprozess um auf soziale Fragen. Das Interesse, das wir bereitwillig für den schönen vor uns liegenden gewebten Gegenstand aufbringen wandeln Titel: Fußabtreter und Material: Frauenhaar um. Ähnlich funktioniert die aus Verfassungstexten gefaltete Kette, deren jedes Glied ein trauriger und unzureichender Einstand ist, für eine an der europäischen Außengrenze ertränkte Person. Dieselben Verfahren von Sichtbarmachung und Unterbrechung unserer routinierten Ignoranz gegenüber Gewalt an staatlich marginalisierten Leuten wendet Schiller auch in ihren neuesten Arbeiten an: die de-individuierte Masse „zurecht eingesperrter Straftäterinnen“ im Gefängnis, wird diﬀerenziert zu brutal isolierten Personen, die vermissen und vermisst werden, die nicht resozialisiert, sondern ihrem sozialen Kontext genommen und stumpf bestraft werden. Die Socken für die Vermissten Lieben sind Ergebnis und Belege einer solidarischen Praxis unter jenen Frauen, die unseren Armen und Augen entrissen wurden und die wir nicht vergessen dürfen.<br></p>



<p>Hanna Schiller wurde im Februar 2025 anhand ihres Werkes von der unabhängigen Jury, bestehend aus Stefanie Kleefeld, Renan Laru-an und Florence Thurmes, als eine von acht mit dem Bundeskunstpreis ausgezeichneten Positionen bekannt gegeben. Zwei Monate später wurde der Preis vom Bundesministerium für Bildung und Forschung „ruhend gestellt“. Ob der Vorwürfe antifaschistisch motivierter Straftaten schien dem BMBF die Auszeichnung des künstlerischen Werkes nicht mehr vertretbar. Die Werke von Hanna Schiller wurden trotz vorheriger Würdigung ihrer hervorragenden Qualität aus der geplanten Ausstellung in der Bundeskunsthalle und dem zu erstellenden Katalog ausgeschlossen.</p>



<p></p>



<p style="font-size:16px"><br><em><strong>Rechtsstand (26.09.2025):</strong> OLG München verurteilte <a href="https://www.deutschlandfunk.de/fuenf-jahre-haft-fuer-hanna-s-wegen-angriffen-auf-rechtsextreme-100.html">Hanna Schiller</a> u. a. wegen gefährlicher Körperverletzung und § 129 zu 5 Jahren Haft. </em><strong><em>Das Urteil ist nicht rechtskräftig</em></strong><em> (Revision angekündigt).</em></p>



<div style="height:59px" aria-hidden="true" class="wp-block-spacer"></div>



<p><strong>Eröffnung 24.10.2025, 19Uhr</strong> mit einem poetischen Beitrag von Julia Scher und anschließender Diskussionsrunde</p>



<p><strong>Spaziergang 06.11.2025, abends</strong>, von der Bundeskunsthalle zum Flow, geführt von solidarischen Künstler*innen</p>



<p><strong>Finissage 8.11.2025, 19Uhr </strong>mit DJ-Set in entspanntem Rahmen &#8211; für noch mehr gute Gespräche</p>



<p></p>



<p>Öffnungszeiten Freitag bis Sonntag, 14-20 Uhr und nach <a href="https://atelierflow.de/index.php/kontakt/" data-type="page" data-id="163">Vereinbarung</a></p>



<p class="has-small-font-size"></p>



<div style="height:55px" aria-hidden="true" class="wp-block-spacer"></div>



<p class="has-small-font-size"><em><strong>Hinweis:</strong> Flow ist ein unabhängiger Projektraum. Die Ausstellung befürwortet keine Gewalt und rechtfertigt keine Straftaten. Sie zeigt künstlerische Positionen und dokumentarische Bezüge, um die Beziehung von Kunst, Erinnerungskultur und gesellschaftlicher Verantwortung zu verhandeln.</em></p>



<p class="has-small-font-size"><br><em>Während der Öffnungszeiten ist ein Awareness-Team ansprechbar. Es sorgt für eine respektvolle Gesprächskultur; diskriminierende, gewaltverherrlichende oder herabwürdigende Äußerungen sowie verfassungsfeindliche Kennzeichen haben hier keinen Platz.</em></p>



<p class="has-small-font-size"></p>
